and 6.
3
Calculate the greatest common factor of 4 and 388.
4
Calculate the highest common factor of 112 and 42.
14
What is the highest common divisor of 46 and 207?
23
What is the highest common divisor of 225 and 1845?
45
Calculate the highest common factor of 1365 and 84.
21
Calculate the highest common divisor of 651 and 372.
93
Calculate the greatest common divisor of 350 and 28.
14
What is the highest common factor of 8 and 72?
8
Calculate the highest common factor of 17 and 1139.
17
What is the greatest common factor of 144 and 270?
18
Calculate the greatest common divisor of 19 and 12654.
19
What is the highest common factor of 125 and 7375?
125
Calculate the greatest common divisor of 279 and 651.
93
What is the highest common divisor of 17 and 595?
17
What is the highest common divisor of 39 and 65?
13
What is the highest common factor of 3604 and 153?
17
What is the highest common divisor of 3 and 1124?
1
Calculate the highest common divisor of 2613 and 117.
39
What is the greatest common factor of 38 and 361?
19
Calculate the highest common factor of 298 and 18029.
149
What is the highest common divisor of 49 and 2107?
49
Calculate the highest common divisor of 6 and 50.
2
Calculate the highest common factor of 153 and 558.
9
Calculate the greatest common divisor of 523 and 1.
1
Calculate the highest common divisor of 264 and 72.
24
Calculate the highest common factor of 1102 and 406.
58
Calculate the highest common divisor of 304 and 64.
16
What is the greatest common divisor of 23 and 161?
23
Calculate the greatest common divisor of 39 and 699.
3
Calculate the highest common divisor of 696 and 1305.
87
Calculate the highest common divisor of 1405 and 25.
5
What is the highest common factor of 2079 and 54?
27
Calculate the highest common divisor of 360 and 192.
24
What is the greatest common factor of 209 and 38?
19
Calculate the greatest common divisor of 5 and 20.
5
What is the highest common divisor of 24 and 7840?
8
Calculate the highest common factor of 1676 and 4.
4
What is the greatest common divisor of 198 and 1254?
66
Calculate the greatest common factor of 64 and 592.
16
Calculate the highest common factor of 3 and 5259.
3
What is the greatest common divisor of 660 and 60?
60
What is the highest common factor of 434 and 93?
31
Calculate the highest common factor of 2 and 14.
2
What is the highest common factor of 128 and 8?
8
Calculate the greatest common divisor of 42 and 10311.
21
Calculate the highest common factor of 3091 and 143.
11
Calculate the greatest common divisor of 29 and 9831.
29
Calculate the highest common factor of 99 and 319.
11
Calculate the greatest common factor of 22 and 594.
22
What is the highest common divisor of 287 and 91?
7
Calculate the greatest common divisor of 48 and 1488.
48
What is the highest common divisor of 30 and 4965?
15
Calculate the greatest common factor of 3268 and 4472.
172
Calculate the greatest common divisor of 15 and 2910.
15
What is the greatest common factor of 66 and 7898?
22
What is the highest common divisor of 144 and 56?
8
What is the highest common divisor of 189 and 9?
9
Calculate the highest common divisor of 524 and 4.
4
What is the greatest common divisor of 19572 and 84?
84
What is the highest common factor of 8159 and 41?
41
Calculate the greatest common divisor of 178 and 2.
2
Calculate the greatest common divisor of 1715 and 35.
35
What is the highest common factor of 57 and 2014?
19
What is the greatest common divisor of 11670 and 20?
10
What is the highest common factor of 609 and 377?
29
What is the greatest common divisor of 365 and 146?
73
Calculate the greatest common factor of 1182 and 24.
6
What is the highest common divisor of 12 and 3072?
12
What is the highest common factor of 30 and 245?
5
What is the greatest common factor of 72370 and 10?
10
What is the greatest common divisor of 1280 and 20?
20
What is the greatest common divisor of 306 and 15810?
102
Calculate the highest common divisor of 140 and 1890.
70
What is the greatest common factor of 1 and 47?
1
What is the greatest common factor of 111 and 14060?
37
Calculate the highest common factor of 1590 and 210.
30
What is the highest common factor of 4238 and 104?
26
What is the greatest common divisor of 2376 and 33?
33
Calculate the highest common factor of 3258 and 18.
18
Calculate the greatest common factor of 6 and 1151.
1
What is the highest common divisor of 207 and 2727?
9
Calculate the highest common divisor of 68 and 340.
68
What is the highest common divisor of 16 and 168?
8
Calculate the greatest common factor of 210 and 180.
30
What is the greatest common divisor of 2 and 3138?
2
Calculate the highest common factor of 13 and 2.
1
What is the greatest common divisor of 128 and 3776?
64
Calculate the greatest common divisor of 429 and 52.
13
Calculate the greatest common divisor of 45 and 9.
9
What is the greatest common factor of 3 and 181?
1
Calculate the highest common factor of 2 and 8.
2
What is the greatest common divisor of 7 and 1?
1
What is the highest common divisor of 888 and 72?
24
Calculate the greatest common divisor of 8465 and 5.
5
What is the highest common divisor of 22458 and 228?
114
What is the greatest common divisor of 693 and 121?
11
What is the greatest common divisor of 1377 and 34?
17
Calculate the highest common factor of 495 and 594.
99
Calculate the greatest common divisor of 19 and 3401.
19
What is the greatest common divisor of 16 and 5?
1
Calculate the highest common divisor of 834 and 6.
6
Calculate the greatest common factor of 828 and 92.
92
What is the highest common divisor of 198 and 36?
18
What is the highest common factor of 999 and 74?
37
Calculate the greatest common factor of 10 and 370.
10
Calculate the highest common factor of 33 and 1419.
33
Calculate the greatest common factor of 62 and 496.
62
Calculate the greatest common factor of 348 and 261.
87
Calculate the greatest common divisor of 544 and 34.
34
What is the highest common divisor of 221 and 2?
1
Calculate the greatest common divisor of 1944 and 6.
6
Calculate the greatest common factor of 81446 and 422.
422
Calculate the greatest common divisor of 14 and 32.
2
What is the highest common divisor of 5 and 295?
5
Calculate the highest common divisor of 160 and 10.
10
What is the highest common divisor of 12 and 4764?
12
What is the highest common factor of 28 and 52?
4
Calculate the greatest common divisor of 966 and 120.
6
Calculate the greatest common divisor of 70 and 224.
14
What is the highest common factor of 532 and 988?
76
What is the highest common factor of 13 and 109?
1
Calculate the greatest common divisor of 130 and 26780.
130
What is the highest common factor of 4 and 109?
1
Calculate the highest common factor of 526 and 4.
2
What is the greatest common divisor of 110 and 605?
55
Calculate the greatest common factor of 13 and 17251.
13
Calculate the greatest common factor of 1513 and 178.
89
What is the greatest common divisor of 38 and 608?
38
What is the highest common factor of 96 and 17616?
48
Calculate the greatest common divisor of 413 and 531.
59
What is the greatest common factor of 12638 and 142?
142
What is the highest common divisor of 234 and 54?
18
Calculate the highest common divisor of 96 and 3.
3
What is the highest common divisor of 179 and 26?
1
Calculate the highest common divisor of 801 and 9879.
267
Calculate the highest common divisor of 11 and 187.
11
Calculate the greatest common factor of 1078 and 143.
11
Calculate the greatest common divisor of 28 and 7588.
28
Calculate the highest common divisor of 52 and 4004.
52
Calculate the greatest common factor of 30 and 250.
10
What is the greatest common factor of 7527 and 39?
39
Calculate the greatest common factor of 153 and 25551.
153
What is the highest common factor of 190 and 76?
38
Calculate the highest common divisor of 735 and 15.
15
Calculate the highest common divisor of 80 and 140.
20
What is the greatest common divisor of 84 and 60?
12
What is the greatest common divisor of 77 and 121?
11
What is the highest common divisor of 14 and 4?
2
Calculate the greatest common divisor of 2350 and 250.
50
What is the highest common divisor of 14491 and 43?
43
What is the highest common fa